 the hundreds digit of 6962?
9
What is the tens digit of 9446?
4
What is the units digit of 918?
8
What is the hundreds digit of 1314?
3
What is the ten thousands digit of 30728?
3
What is the units digit of 21609?
9
What is the tens digit of 18310?
1
What is the hundreds digit of 1190?
1
What is the units digit of 6411?
1
What is the ten thousands digit of 17125?
1
What is the units digit of 2053?
3
What is the units digit of 25951?
1
What is the units digit of 4204?
4
What is the units digit of 950?
0
What is the units digit of 3824?
4
What is the hundreds digit of 15269?
2
What is the hundreds digit of 23792?
7
What is the tens digit of 12816?
1
What is the tens digit of 14399?
9
What is the tens digit of 696?
9
What is the units digit of 385?
5
What is the units digit of 3833?
3
What is the units digit of 923?
3
What is the units digit of 90?
0
What is the tens digit of 2057?
5
What is the hundreds digit of 13626?
6
What is the thousands digit of 1853?
1
What is the tens digit of 1957?
5
What is the hundreds digit of 465?
4
What is the thousands digit of 90210?
0
What is the thousands digit of 3920?
3
What is the hundreds digit of 335?
3
What is the units digit of 52559?
9
What is the units digit of 23879?
9
What is the hundreds digit of 9469?
4
What is the tens digit of 177?
7
What is the units digit of 105?
5
What is the tens digit of 376?
7
What is the ten thousands digit of 17873?
1
What is the tens digit of 26006?
0
What is the tens digit of 878?
7
What is the units digit of 37052?
2
What is the hundreds digit of 843?
8
What is the thousands digit of 21476?
1
What is the thousands digit of 14006?
4
What is the hundreds digit of 9165?
1
What is the tens digit of 347?
4
What is the units digit of 3924?
4
What is the thousands digit of 17926?
7
What is the thousands digit of 7293?
7
What is the units digit of 132104?
4
What is the units digit of 105?
5
What is the tens digit of 9714?
1
What is the units digit of 9791?
1
What is the units digit of 374?
4
What is the tens digit of 14058?
5
What is the tens digit of 1601?
0
What is the units digit of 448?
8
What is the ten thousands digit of 53730?
5
What is the ten thousands digit of 56905?
5
What is the thousands digit of 6764?
6
What is the tens digit of 17137?
3
What is the hundreds digit of 3062?
0
What is the tens digit of 8257?
5
What is the tens digit of 544?
4
What is the hundreds digit of 1724?
7
What is the units digit of 3339?
9
What is the tens digit of 247?
4
What is the tens digit of 1145?
4
What is the thousands digit of 27621?
7
What is the tens digit of 20634?
3
What is the units digit of 346?
6
What is the tens digit of 4055?
5
What is the ten thousands digit of 55955?
5
What is the tens digit of 7809?
0
What is the thousands digit of 1636?
1
What is the thousands digit of 1543?
1
What is the hundreds digit of 57424?
4
What is the tens digit of 31?
3
What is the tens digit of 5403?
0
What is the tens digit of 63?
6
What is the tens digit of 527?
2
What is the tens digit of 6666?
6
What is the thousands digit of 56203?
6
What is the hundreds digit of 4790?
7
What is the units digit of 23074?
4
What is the thousands digit of 2392?
2
What is the thousands digit of 6094?
6
What is the tens digit of 337?
3
What is the hundreds digit of 836?
8
What is the thousands digit of 38474?
8
What is the units digit of 3181?
1
What is the tens digit of 1118?
1
What is the hundreds digit of 7948?
9
What is the hundreds digit of 5641?
6
What is the thousands digit of 112667?
2
What is the hundreds digit of 56606?
6
What is the tens digit of 604?
0
What is the tens digit of 448?
4
What is the units digit of 6564?
4
What is the tens digit of 14233?
3
What is the thousands digit of 1406?
1
What is the ten thousands digit of 27346?
2
What is the thousands digit of 16497?
6
What is the hundreds digit of 1092?
0
What is the tens digit of 65470?
7
What is the thousands digit of 3353?
3
What is the units digit of 1159?
9
What is the thousands digit of 2130?
2
What is the thousands digit of 1174?
1
What is the hundreds digit of 1488?
4
What is the units digit of 8193?
3
What is the units digit of 16454?
4
What is the thousands digit of 4758?
4
What is the ten thousands digit of 158388?
5
What is the hundreds digit of 7286?
2
What is the thousands digit of 32621?
2
What is the hundreds digit of 1478?
4
What is the hundreds digit of 2331?
3
What is the hundreds digit of 20765?
7
What is the tens digit of 6344?
4
What is the ten thousands digit of 58466?
5
What is the hundreds digit of 5487?
4
What is the ten thousands digit of 12116?
1
What is the thousands digit of 51728?
1
What is the tens digit of 82339?
3
What is the hundreds digit of 8015?
0
What is the units digit of 900?
0
What is the thousands digit of 6579?
6
What is the units digit of 4258?
8
What is the hundreds digit of 41712?
7
What is the hundreds digit of 3177?
1
What is the hundreds digit of 1990?
9
What is the hundreds digit of 20530?
5
What is the hundreds digit of 49299?
2
What is the tens digit of 99443?
4
What is the units digit of 4087?
7
What is the units digit of 120?
0
What is the hundreds digit of 8008?
0
What is the tens digit of 10960?
6
What is the hundreds digit of 2872?
8
What is the tens digit of 412?
1
What is the units digit of 7373?
3
What is the tens digit of 371?
7
What is the units digit of 945?
5
What is the hundreds digit of 2037?
0
What is the hundreds digit of 418?
4
What is the hundreds digit of 24396?
3
What is the tens digit of 2274?
7
What is the hundreds digit of 4591?
5
What is the tens digit of 32413?
1
What is the units digit of 82261?
1
What is the ten thousands digit of 12011?
1
What is the ten thousands digit of 117426?
1
What is the tens digit of 935?
3
What is the units digit of 3186?
6
What is the units digit of 42970?
0
What is the hundreds digit of 121635?
6
What is the units digit of 50?
0
What is the thousands digit of 2281?
2
What is the hundreds digit of 12593?
5
What is the thousands digit of 1149?
1
What is the units digit of 46?
6
What is the tens digit of 12893?
9
What is the thousands digit of 5018?
5
What is the units digit of 80256?
6
What is the units digit of 351?
1
What is the tens digit of 1963?
6
What is the thousands digit of 4792?
4
What is the units digit of 68468?
8
What is the units digit of 14153?
3
What is the tens digit of 9274?
7
What is the hundreds digit of 30237?
2
What is the thousands digit of 47043?
7
What is the units digit of 1328?
8
What is the tens digit of 37866?
6
What is the hundreds digit of 1209?
2
What is the hundreds digit of 65548?
5
What is the ten thousands digit of 37386?
3
What is the hundreds digit of 8667?
6
What is the thousands digit of 86691?
6
What is the hundreds digit of 3735?
7
What is the hundreds digit of 650?
6
What is the tens digit of 13314?
1
What is the units digit of 6122?
2
What is the ten thousands digit of 58779?
5
What is the hundreds digit of 5740?
7
What is the units digit of 1451?
1
What is the units digit of 1833?
3
What is the units digit of 42161?
1
What is the tens digit of 2258?
5
What is the hundreds digit of 181?
1
What is the units digit of 884?
4
What is the hundreds digit of 68359?
3
What is the hundreds digit of 4517?
5
What is the hundreds digit of 527?
5
What is the ten thousands digit of 86456?
8
What is the hundreds digit of 507?
5
What is the hundreds digit of 3493?
4
What is the thousands digit of 2858?
2
What is the units digit of 50930?
0
What is the units digit of 1279?
9
What is the tens digit of 587?
8
What is the tens digit of 25716?
1
What is the hundreds digit of 1783?
7
What is the thousands digit of 1814?
1
What is the ten thousands digit of 17342?
1
What is the units digit of 316?
6
What is the thousands digit of 54508?
4
What is the thousands digit of 10916?
0
What is the tens digit of 1726?
2
What is the units digit of 121?
1
What is the units digit of 4927?
7
What is the tens digit of 41326?
2
What is the tens digit of 3223?
2
What is the hundreds digit of 16118?
1
What is the hundreds digit of 1255?
2
What is the thousands digit of 4434?
4
What is the tens digit of 777?
7
What is the hundreds digit of 2838?
8
What is the hundreds digit of 4807?
8
What is the thousands digit of 4499?
4
Wh